?
1100011100110110011
In base 3, what is 20 + -10112110221101?
-10112110221011
In base 15, what is 5b + -1c268?
-1c20c
In base 11, what is -a - -21a81221?
21a81212
In base 5, what is 41133 - -110003?
201141
In base 10, what is -128913 - 719?
-129632
In base 15, what is 4dc832 - d?
4dc824
In base 14, what is 10c352 - 1?
10c351
In base 11, what is -3 + -1788792?
-1788795
In base 4, what is 0 - 202013222131?
-202013222131
In base 16, what is 6540d0 + 2?
6540d2
In base 5, what is 24144214 + -1332?
24142332
In base 3, what is 102212202101222 - -11?
102212202102010
In base 7, what is -13 + 232242?
232226
In base 3, what is -110101100021 + 11212001?
-110012111020
In base 2, what is -11 - 1010000001000011101?
-1010000001000100000
In base 9, what is 136805 - -3885?
141801
In base 4, what is -12120123201 - 31?
-12120123232
In base 12, what is 40 + 89146?
89186
In base 2, what is -1000 + 10010000110111010001?
10010000110111001001
In base 2, what is 1011011001001000100 - 10101001?
1011011000110011011
In base 7, what is -636614 + -32035?
-1001652
In base 16, what is b - 1ef928c?
-1ef9281
In base 9, what is -228 - 1667875?
-1668214
In base 6, what is -405232122551 - 1?
-405232122552
In base 2, what is -11100010100110 + -1001001110001?
-100101100010111
In base 7, what is -233 + -5536222?
-5536455
In base 6, what is -400 - -4503015?
4502215
In base 14, what is -809cd1 - -1?
-809cd0
In base 10, what is -1688 - 7891?
-9579
In base 16, what is -4 + 3582cc0?
3582cbc
In base 2, what is 1000000101111010101100011 - 110?
1000000101111010101011101
In base 12, what is -18 + -119141a?
-1191436
In base 5, what is 2203403 + 33410?
2242313
In base 8, what is 3 - -430355041?
430355044
In base 9, what is -1071 + 227?
-743
In base 7, what is 6150 + 60641?
100121
In base 12, what is 2036 - -a205?
1023b
In base 14, what is -5dcdb3 - -1?
-5dcdb2
In base 13, what is 8 - a41cc?
-a41c4
In base 11, what is 2532 - 4658?
-2126
In base 14, what is 2a - 4d4023?
-4d3dd7
In base 12, what is -58b27 - 153b?
-5a466
In base 3, what is 1110112 + -210202222?
-202022110
In base 3, what is 121001121222 - -212?
121001122211
In base 11, what is -1a9 + -129a?
-1498
In base 3, what is 20101101120 - -1022?
20101102212
In base 3, what is -22101111 + 1112110012?
1020001201
In base 7, what is 1114230 - -50?
1114310
In base 11, what is -14509 + 7158?
-8361
In base 7, what is -34133 - 416225?
-453361
In base 13, what is -c7a47 + 4b9?
-c755b
In base 16, what is -f + -189484?
-189493
In base 8, what is -64571 + -226?
-65017
In base 7, what is -1126623 - -10653?
-1115640
In base 7, what is -13416 - 640?
-14356
In base 10, what is -51773940 - 2?
-51773942
In base 14, what is -133327 - 57?
-133380
In base 5, what is 0 - -1403024402?
1403024402
In base 16, what is -135c76f + 1?
-135c76e
In base 2, what is 1111010000110 + -11100100001?
1011101100101
In base 8, what is -5005501 + -17?
-5005520
In base 15, what is 68848 + 35?
6887d
In base 3, what is 2 - 121122101020001?
-121122101012222
In base 16, what is 2 - -246e66?
246e68
In base 2, what is -100000011101111000100100 - -11101?
-100000011101111000000111
In base 5, what is 10043 - 20043?
-10000
In base 10, what is -70635 - 1454?
-72089
In base 8, what is -1 + 4342264?
4342263
In base 12, what is 611 + -417558?
-416b47
In base 4, what is -212112 - 33332?
-312110
In base 12, what is -1636a - -1b0?
-1617a
In base 7, what is -22115500 + -36?
-22115536
In base 10, what is -3210358 - 1?
-3210359
In base 14, what is -1a1 - -3c98?
3ad7
In base 16, what is 1345b - 71?
133ea
In base 11, what is 190a + -4959?
-304a
In base 6, what is -42325 - -14344?
-23541
In base 9, what is -1 - 766651308?
-766651310
In base 6, what is 1 - -12322450303?
12322450304
In base 16, what is -18f18 + 91?
-18e87
In base 15, what is 44aa4 - bc?
449d7
In base 6, what is -10334250012 - 25?
-10334250041
In base 4, what is 2322033321223 + 10?
2322033321233
In base 13, what is -732 + -144826?
-145258
In base 3, what is -10202120202 + 220111?
-10201200021
In base 8, what is 321711 - 703?
321006
In base 16, what is -f477f - -10?
-f476f
In base 16, what is -30 + 103da5?
103d75
In base 14, what is -808da2a + -3?
-808da2d
In base 16, what is 43a8 + d1d?
50c5
In base 2, what is 1110010101010111111011 - 111?
1110010101010111110100
In base 8, what is 2 - -2370513?
2370515
In base 6, what is -1 + -15521005130?
-15521005131
In base 12, what is -791a148 + -5?
-791a151
In base 6, what is 245431012 - 3?
245431005
In base 13, what is -33 - 41936?
-41969
In base 3, what is 110202021001211 - 0?
110202021001211
In base 3, what is -121020012210110 + 202?
-121020012202201
In base 16, what is -1090dd - 68?
-109145
In base 12, what is -43186 - 1171?
-44337
In base 5, what is -1 + -42203423?
-42203424
In base 13, what is -115 - -3c92a?
3c815
In base 3, what is 22 + 1012111202011?
1012111202110
In base 13, what is -193cb3b - -1?
-193cb3a
In base 6, what is -132255 + 23122?
-105133
In base 16, what is -4 - dc5ac0?
-dc5ac4
In base 12, what is -a8 + -2a431?
-2a519
In base 3, what is -112212010110210 - 1012?
-112212010111222
In base 7, what is -26101 + -300636?
-330040
In base 11, what is 48 - -103371?
103409
In base 15, what is 5 + -28eb4d?
-28eb48
In base 5, what is -2 + -1133131002?
-1133131004
In base 6, what is 15 + -30124235?
-30124220
In base 10, what is 37157 - 19415?
17742
In base 8, what is 53536236 + 33?
53536271
In base 9, what is 12881 + -3484?
8386
In base 10, what is -5 + -433031?
-433036
In base 10, what is 799482778 + 4?
799482782
In base 16, what is 3 + 20d985c?
20d985f
In base 13, what is 88 + bc3c?
bcc7
In base 13, what is 48b - b957?
-b499
In base 16, what is 455 + -2f1a7?
-2ed52
In base 11, what is 303 + -2140?
-1938
In base 13, what is 77c936 + -4?
77c932
In base 3, what is -200211 - -20121121212?
20120221001
In base 8, what is -747211 - 4462?
-753673
In base 4, what is -12 + -220002201122?
-220002201200
In base 2, what is 100101100110011110111111110 + 100?
100101100110011111000000010
In base 7, what is 13 + -151550166?
-151550153
In base 11, what is 185a54 - -a28?
186981
In base 14, what is 545a3 - 1?
545a2
In base 6, what is 244232333423 - 1?
244232333422
In base 5, what is 1 - 13141311320?
-13141311314
In base 10, what is -19091 + -15969?
-35060
In base 6, what is -104505302 - -1341?
-104503521
In base 10, what is 390 + -35748?
-35358
In base 11, what is 1009517 - -2?
1009519
In base 4, what is -222101111 + 3211?
-222031300
In base 3, what is -20102 - 11222012201?
-11222110010
In base 10, what is 388 + 55657?
56045
In base 11, what is -153163 - 22?
-153185
In base 8, what is 4665573 + 1?
4665574
In base 10, what is 170331695 + -4?
170331691
In base 3, what is -102202122 + 1021212110?
212002211
In base 13, what is -5 + -1793264?
-1793269
In base 13, what is 4614 + -7b3?
3b31
In base 14, what is -2c6d9 + -16b?
-2c866
In base 2, what is -110000000111 - 10111010101?
-1000111011100
In base 12, what is 83a517 + -b?
83a508
In base 11, what is 9439 + 8aa?
a238
In base 14, what is 5 + 2d5ca65a?
2d5ca661
In base 4, what is -11 + 100131000232?
100131000221
In base 3, what is 102221111002221 + -1000?
102221111001221
In base 11, what is -107614 + 119?
-1074a6
In base 11, what is -5 - -359a433?
359a429
In base 6, what is -113 + 1200125?
1200012
In base 4, what is -122011120313 - 301?
-122011121220
In base 9, what is 24843 - -654?
25607
In base 9, what is 123534 + 82?
123626
In base 11, what is 10a688 - -10?
10a698
In base 13, what is 735 - -277c6?
2822b
In base 6, what is -44432455 - -10?
-44432445
In base 2, what is -1011 + -101011110011110011010100?
-101011110011110011011111
In base 8, what is 127031366 - -5?
127031373
In base 5, what is -423211401424 - 4?
-423211401433
In base 14, what is -16 - bac64?
-bac7a
In base 6, what is 1051450302 - -5?
1051450311
In base 2, what is -11100100 - 110101011101000?
-110101111001100
In base 11, what is 2120 + -7aa0?
-5980
In base 7, what is 222 + -1226561?
-1226336
In base 2, what is 111100011011000110110010 - -1011?
111100011011000110111101
In base 2, what is -1011100011111000100 + -1001000000?
-1011100101000000100
In base 10, what is -23425203 - 1?
-23425204
In base 8, what is -3 - 50423745?
-50423750
In base 8, what is -4 - -3056156?
3056152
In base 11, what is 1 + 79923